{"id":32840,"date":"2020-06-04T09:48:08","date_gmt":"2020-06-04T09:48:08","guid":{"rendered":"https:\/\/maniadasmoedas.pt\/?post_type=product&#038;p=32840"},"modified":"2021-10-07T16:02:48","modified_gmt":"2021-10-07T16:02:48","slug":"capsulas-para-conjuntos-de-moedas-de-euro","status":"publish","type":"product","link":"https:\/\/maniadasmoedas.pt\/?product=capsulas-para-conjuntos-de-moedas-de-euro","title":{"rendered":"C\u00e1psulas para conjuntos de moedas de Euro"},"content":{"rendered":"<p>Sortido de c\u00e1psulas para moedas de Euro.<\/p>\n<p>1 c\u00eantimo a 2 euros<\/p>\n<p>S\u00e3o 8 c\u00e1psulas.<\/p>\n","protected":false},"excerpt":{"rendered":"<p>Sortido de c\u00e1psulas para moedas de Euro.<\/p>\n<p>1 c\u00eantimo a 2 euros<\/p>\n<p>S\u00e3o 8 c\u00e1psulas.<\/p>\n","protected":false},"featured_media":32841,"comment_status":"closed","ping_status":"closed","template":"","meta":{"_acf_changed":false,"_uag_custom_page_level_css":""},"product_brand":[],"product_cat":[68,72,137],"product_tag":[],"class_list":{"0":"post-32840","1":"product","2":"type-product","3":"status-publish","4":"has-post-thumbnail","6":"product_cat-acessorios","7":"product_cat-capsulas","8":"product_cat-leuchtturm","9":"thunk-woo-product-list","10":"opn-qv-enable","11":"open-woo-hover-","12":"open-single-product-tab-horizontal","13":"open-shadow-","14":"open-shadow-hover-","16":"first","17":"outofstock","18":"sale","19":"shipping-taxable","20":"purchasable","21":"product-type-simple"},"acf":[],"yoast_head":"<!-- This site is optimized with the Yoast SEO plugin v27.5 - https:\/\/yoast.com\/product\/yoast-seo-wordpress\/ -->\n<title>C\u00e1psulas para conjuntos de moedas de Euro - Mania das Moedas<\/title>\n<meta name=\"description\" content=\"Sortido de c\u00e1psulas para moedas de Euro.1 c\u00eantimo a 2 eurosS\u00e3o 8 c\u00e1psulas.\u00a0c\u00e1psulas para moedas de 2\u20ac. leuchtturm, marca branca.\" \/>\n<meta name=\"robots\" content=\"index, follow, max-snippet:-1, max-image-preview:large, max-video-preview:-1\" \/>\n<link rel=\"canonical\" href=\"https:\/\/maniadasmoedas.pt\/?product=capsulas-para-conjuntos-de-moedas-de-euro\" \/>\n<meta property=\"og:locale\" content=\"pt_PT\" \/>\n<meta property=\"og:type\" content=\"article\" \/>\n<meta property=\"og:title\" content=\"C\u00e1psulas para conjuntos de moedas de Euro - Mania das Moedas\" \/>\n<meta property=\"og:description\" content=\"Sortido de c\u00e1psulas para moedas de Euro.1 c\u00eantimo a 2 eurosS\u00e3o 8 c\u00e1psulas.\u00a0c\u00e1psulas para moedas de 2\u20ac. leuchtturm, marca branca.\" \/>\n<meta property=\"og:url\" content=\"https:\/\/maniadasmoedas.pt\/?product=capsulas-para-conjuntos-de-moedas-de-euro\" \/>\n<meta property=\"og:site_name\" content=\"Mania das Moedas\" \/>\n<meta property=\"article:modified_time\" content=\"2021-10-07T16:02:48+00:00\" \/>\n<meta property=\"og:image\" content=\"https:\/\/maniadasmoedas.pt\/wp-content\/uploads\/2020\/06\/coin-capsules-for-one-euro-coin-set.jpg\" \/>\n\t<meta property=\"og:image:width\" content=\"1640\" \/>\n\t<meta property=\"og:image:height\" content=\"1640\" \/>\n\t<meta property=\"og:image:type\" content=\"image\/jpeg\" \/>\n<meta name=\"twitter:card\" content=\"summary_large_image\" \/>\n<script type=\"application\/ld+json\" class=\"yoast-schema-graph\">{\"@context\":\"https:\\\/\\\/schema.org\",\"@graph\":[{\"@type\":\"WebPage\",\"@id\":\"https:\\\/\\\/maniadasmoedas.pt\\\/?product=capsulas-para-conjuntos-de-moedas-de-euro\",\"url\":\"https:\\\/\\\/maniadasmoedas.pt\\\/?product=capsulas-para-conjuntos-de-moedas-de-euro\",\"name\":\"C\u00e1psulas para conjuntos de moedas de Euro - Mania das Moedas\",\"isPartOf\":{\"@id\":\"https:\\\/\\\/maniadasmoedas.pt\\\/#website\"},\"primaryImageOfPage\":{\"@id\":\"https:\\\/\\\/maniadasmoedas.pt\\\/?product=capsulas-para-conjuntos-de-moedas-de-euro#primaryimage\"},\"image\":{\"@id\":\"https:\\\/\\\/maniadasmoedas.pt\\\/?product=capsulas-para-conjuntos-de-moedas-de-euro#primaryimage\"},\"thumbnailUrl\":\"https:\\\/\\\/maniadasmoedas.pt\\\/wp-content\\\/uploads\\\/2020\\\/06\\\/coin-capsules-for-one-euro-coin-set.jpg\",\"datePublished\":\"2020-06-04T09:48:08+00:00\",\"dateModified\":\"2021-10-07T16:02:48+00:00\",\"description\":\"Sortido de c\u00e1psulas para moedas de Euro.1 c\u00eantimo a 2 eurosS\u00e3o 8 c\u00e1psulas.\u00a0c\u00e1psulas para moedas de 2\u20ac. leuchtturm, marca branca.\",\"breadcrumb\":{\"@id\":\"https:\\\/\\\/maniadasmoedas.pt\\\/?product=capsulas-para-conjuntos-de-moedas-de-euro#breadcrumb\"},\"inLanguage\":\"pt-PT\",\"potentialAction\":[{\"@type\":\"ReadAction\",\"target\":[\"https:\\\/\\\/maniadasmoedas.pt\\\/?product=capsulas-para-conjuntos-de-moedas-de-euro\"]}]},{\"@type\":\"ImageObject\",\"inLanguage\":\"pt-PT\",\"@id\":\"https:\\\/\\\/maniadasmoedas.pt\\\/?product=capsulas-para-conjuntos-de-moedas-de-euro#primaryimage\",\"url\":\"https:\\\/\\\/maniadasmoedas.pt\\\/wp-content\\\/uploads\\\/2020\\\/06\\\/coin-capsules-for-one-euro-coin-set.jpg\",\"contentUrl\":\"https:\\\/\\\/maniadasmoedas.pt\\\/wp-content\\\/uploads\\\/2020\\\/06\\\/coin-capsules-for-one-euro-coin-set.jpg\",\"width\":1640,\"height\":1640},{\"@type\":\"BreadcrumbList\",\"@id\":\"https:\\\/\\\/maniadasmoedas.pt\\\/?product=capsulas-para-conjuntos-de-moedas-de-euro#breadcrumb\",\"itemListElement\":[{\"@type\":\"ListItem\",\"position\":1,\"name\":\"In\u00edcio\",\"item\":\"https:\\\/\\\/maniadasmoedas.pt\\\/\"},{\"@type\":\"ListItem\",\"position\":2,\"name\":\"Elementor #34262\",\"item\":\"https:\\\/\\\/maniadasmoedas.pt\\\/?page_id=34262\"},{\"@type\":\"ListItem\",\"position\":3,\"name\":\"C\u00e1psulas para conjuntos de moedas de Euro\"}]},{\"@type\":\"WebSite\",\"@id\":\"https:\\\/\\\/maniadasmoedas.pt\\\/#website\",\"url\":\"https:\\\/\\\/maniadasmoedas.pt\\\/\",\"name\":\"ManiaDasMoedas\",\"description\":\"Uma Moeda Nunca Vem S\u00f3!\",\"publisher\":{\"@id\":\"https:\\\/\\\/maniadasmoedas.pt\\\/#\\\/schema\\\/person\\\/489ba095c99ab0b617a4e66e2783b41f\"},\"potentialAction\":[{\"@type\":\"SearchAction\",\"target\":{\"@type\":\"EntryPoint\",\"urlTemplate\":\"https:\\\/\\\/maniadasmoedas.pt\\\/?s={search_term_string}\"},\"query-input\":{\"@type\":\"PropertyValueSpecification\",\"valueRequired\":true,\"valueName\":\"search_term_string\"}}],\"inLanguage\":\"pt-PT\"},{\"@type\":[\"Person\",\"Organization\"],\"@id\":\"https:\\\/\\\/maniadasmoedas.pt\\\/#\\\/schema\\\/person\\\/489ba095c99ab0b617a4e66e2783b41f\",\"name\":\"AGabriel\",\"image\":{\"@type\":\"ImageObject\",\"inLanguage\":\"pt-PT\",\"@id\":\"https:\\\/\\\/maniadasmoedas.pt\\\/wp-content\\\/uploads\\\/2020\\\/05\\\/cropped-logo-site.fw_-2-2.png\",\"url\":\"https:\\\/\\\/maniadasmoedas.pt\\\/wp-content\\\/uploads\\\/2020\\\/05\\\/cropped-logo-site.fw_-2-2.png\",\"contentUrl\":\"https:\\\/\\\/maniadasmoedas.pt\\\/wp-content\\\/uploads\\\/2020\\\/05\\\/cropped-logo-site.fw_-2-2.png\",\"width\":100,\"height\":100,\"caption\":\"AGabriel\"},\"logo\":{\"@id\":\"https:\\\/\\\/maniadasmoedas.pt\\\/wp-content\\\/uploads\\\/2020\\\/05\\\/cropped-logo-site.fw_-2-2.png\"}}]}<\/script>\n<!-- \/ Yoast SEO plugin. -->","yoast_head_json":{"title":"C\u00e1psulas para conjuntos de moedas de Euro - Mania das Moedas","description":"Sortido de c\u00e1psulas para moedas de Euro.1 c\u00eantimo a 2 eurosS\u00e3o 8 c\u00e1psulas.\u00a0c\u00e1psulas para moedas de 2\u20ac. leuchtturm, marca branca.","robots":{"index":"index","follow":"follow","max-snippet":"max-snippet:-1","max-image-preview":"max-image-preview:large","max-video-preview":"max-video-preview:-1"},"canonical":"https:\/\/maniadasmoedas.pt\/?product=capsulas-para-conjuntos-de-moedas-de-euro","og_locale":"pt_PT","og_type":"article","og_title":"C\u00e1psulas para conjuntos de moedas de Euro - Mania das Moedas","og_description":"Sortido de c\u00e1psulas para moedas de Euro.1 c\u00eantimo a 2 eurosS\u00e3o 8 c\u00e1psulas.\u00a0c\u00e1psulas para moedas de 2\u20ac. leuchtturm, marca branca.","og_url":"https:\/\/maniadasmoedas.pt\/?product=capsulas-para-conjuntos-de-moedas-de-euro","og_site_name":"Mania das Moedas","article_modified_time":"2021-10-07T16:02:48+00:00","og_image":[{"width":1640,"height":1640,"url":"https:\/\/maniadasmoedas.pt\/wp-content\/uploads\/2020\/06\/coin-capsules-for-one-euro-coin-set.jpg","type":"image\/jpeg"}],"twitter_card":"summary_large_image","schema":{"@context":"https:\/\/schema.org","@graph":[{"@type":"WebPage","@id":"https:\/\/maniadasmoedas.pt\/?product=capsulas-para-conjuntos-de-moedas-de-euro","url":"https:\/\/maniadasmoedas.pt\/?product=capsulas-para-conjuntos-de-moedas-de-euro","name":"C\u00e1psulas para conjuntos de moedas de Euro - Mania das Moedas","isPartOf":{"@id":"https:\/\/maniadasmoedas.pt\/#website"},"primaryImageOfPage":{"@id":"https:\/\/maniadasmoedas.pt\/?product=capsulas-para-conjuntos-de-moedas-de-euro#primaryimage"},"image":{"@id":"https:\/\/maniadasmoedas.pt\/?product=capsulas-para-conjuntos-de-moedas-de-euro#primaryimage"},"thumbnailUrl":"https:\/\/maniadasmoedas.pt\/wp-content\/uploads\/2020\/06\/coin-capsules-for-one-euro-coin-set.jpg","datePublished":"2020-06-04T09:48:08+00:00","dateModified":"2021-10-07T16:02:48+00:00","description":"Sortido de c\u00e1psulas para moedas de Euro.1 c\u00eantimo a 2 eurosS\u00e3o 8 c\u00e1psulas.\u00a0c\u00e1psulas para moedas de 2\u20ac. leuchtturm, marca branca.","breadcrumb":{"@id":"https:\/\/maniadasmoedas.pt\/?product=capsulas-para-conjuntos-de-moedas-de-euro#breadcrumb"},"inLanguage":"pt-PT","potentialAction":[{"@type":"ReadAction","target":["https:\/\/maniadasmoedas.pt\/?product=capsulas-para-conjuntos-de-moedas-de-euro"]}]},{"@type":"ImageObject","inLanguage":"pt-PT","@id":"https:\/\/maniadasmoedas.pt\/?product=capsulas-para-conjuntos-de-moedas-de-euro#primaryimage","url":"https:\/\/maniadasmoedas.pt\/wp-content\/uploads\/2020\/06\/coin-capsules-for-one-euro-coin-set.jpg","contentUrl":"https:\/\/maniadasmoedas.pt\/wp-content\/uploads\/2020\/06\/coin-capsules-for-one-euro-coin-set.jpg","width":1640,"height":1640},{"@type":"BreadcrumbList","@id":"https:\/\/maniadasmoedas.pt\/?product=capsulas-para-conjuntos-de-moedas-de-euro#breadcrumb","itemListElement":[{"@type":"ListItem","position":1,"name":"In\u00edcio","item":"https:\/\/maniadasmoedas.pt\/"},{"@type":"ListItem","position":2,"name":"Elementor #34262","item":"https:\/\/maniadasmoedas.pt\/?page_id=34262"},{"@type":"ListItem","position":3,"name":"C\u00e1psulas para conjuntos de moedas de Euro"}]},{"@type":"WebSite","@id":"https:\/\/maniadasmoedas.pt\/#website","url":"https:\/\/maniadasmoedas.pt\/","name":"ManiaDasMoedas","description":"Uma Moeda Nunca Vem S\u00f3!","publisher":{"@id":"https:\/\/maniadasmoedas.pt\/#\/schema\/person\/489ba095c99ab0b617a4e66e2783b41f"},"potentialAction":[{"@type":"SearchAction","target":{"@type":"EntryPoint","urlTemplate":"https:\/\/maniadasmoedas.pt\/?s={search_term_string}"},"query-input":{"@type":"PropertyValueSpecification","valueRequired":true,"valueName":"search_term_string"}}],"inLanguage":"pt-PT"},{"@type":["Person","Organization"],"@id":"https:\/\/maniadasmoedas.pt\/#\/schema\/person\/489ba095c99ab0b617a4e66e2783b41f","name":"AGabriel","image":{"@type":"ImageObject","inLanguage":"pt-PT","@id":"https:\/\/maniadasmoedas.pt\/wp-content\/uploads\/2020\/05\/cropped-logo-site.fw_-2-2.png","url":"https:\/\/maniadasmoedas.pt\/wp-content\/uploads\/2020\/05\/cropped-logo-site.fw_-2-2.png","contentUrl":"https:\/\/maniadasmoedas.pt\/wp-content\/uploads\/2020\/05\/cropped-logo-site.fw_-2-2.png","width":100,"height":100,"caption":"AGabriel"},"logo":{"@id":"https:\/\/maniadasmoedas.pt\/wp-content\/uploads\/2020\/05\/cropped-logo-site.fw_-2-2.png"}}]}},"uagb_featured_image_src":{"full":["https:\/\/maniadasmoedas.pt\/wp-content\/uploads\/2020\/06\/coin-capsules-for-one-euro-coin-set.jpg",1640,1640,false],"thumbnail":["https:\/\/maniadasmoedas.pt\/wp-content\/uploads\/2020\/06\/coin-capsules-for-one-euro-coin-set-150x150.jpg",150,150,true],"medium":["https:\/\/maniadasmoedas.pt\/wp-content\/uploads\/2020\/06\/coin-capsules-for-one-euro-coin-set-300x300.jpg",300,300,true],"medium_large":["https:\/\/maniadasmoedas.pt\/wp-content\/uploads\/2020\/06\/coin-capsules-for-one-euro-coin-set-768x768.jpg",640,640,true],"large":["https:\/\/maniadasmoedas.pt\/wp-content\/uploads\/2020\/06\/coin-capsules-for-one-euro-coin-set-1024x1024.jpg",640,640,true],"rpg_gallery_admin_thumb":["https:\/\/maniadasmoedas.pt\/wp-content\/uploads\/2020\/06\/coin-capsules-for-one-euro-coin-set-150x150.jpg",150,150,true],"rpg_gallery_thumb":["https:\/\/maniadasmoedas.pt\/wp-content\/uploads\/2020\/06\/coin-capsules-for-one-euro-coin-set-150x150.jpg",150,150,true],"1536x1536":["https:\/\/maniadasmoedas.pt\/wp-content\/uploads\/2020\/06\/coin-capsules-for-one-euro-coin-set-1536x1536.jpg",1536,1536,true],"2048x2048":["https:\/\/maniadasmoedas.pt\/wp-content\/uploads\/2020\/06\/coin-capsules-for-one-euro-coin-set.jpg",1640,1640,false],"woocommerce_thumbnail":["https:\/\/maniadasmoedas.pt\/wp-content\/uploads\/2020\/06\/coin-capsules-for-one-euro-coin-set-320x320.jpg",320,320,true],"woocommerce_single":["https:\/\/maniadasmoedas.pt\/wp-content\/uploads\/2020\/06\/coin-capsules-for-one-euro-coin-set-600x600.jpg",600,600,true],"woocommerce_gallery_thumbnail":["https:\/\/maniadasmoedas.pt\/wp-content\/uploads\/2020\/06\/coin-capsules-for-one-euro-coin-set-100x100.jpg",100,100,true],"thaps-thumb-img":["https:\/\/maniadasmoedas.pt\/wp-content\/uploads\/2020\/06\/coin-capsules-for-one-euro-coin-set.jpg",48,48,false],"taiowc-thumb-img":["https:\/\/maniadasmoedas.pt\/wp-content\/uploads\/2020\/06\/coin-capsules-for-one-euro-coin-set.jpg",48,48,false]},"uagb_author_info":{"display_name":"AGabriel","author_link":"https:\/\/maniadasmoedas.pt\/?author=0"},"uagb_comment_info":0,"uagb_excerpt":"Sortido de c\u00e1psulas para moedas de Euro. 1 c\u00eantimo a 2 euros S\u00e3o 8 c\u00e1psulas.","jetpack_sharing_enabled":true,"_links":{"self":[{"href":"https:\/\/maniadasmoedas.pt\/index.php?rest_route=\/wp\/v2\/product\/32840","targetHints":{"allow":["GET"]}}],"collection":[{"href":"https:\/\/maniadasmoedas.pt\/index.php?rest_route=\/wp\/v2\/product"}],"about":[{"href":"https:\/\/maniadasmoedas.pt\/index.php?rest_route=\/wp\/v2\/types\/product"}],"replies":[{"embeddable":true,"href":"https:\/\/maniadasmoedas.pt\/index.php?rest_route=%2Fwp%2Fv2%2Fcomments&post=32840"}],"version-history":[{"count":0,"href":"https:\/\/maniadasmoedas.pt\/index.php?rest_route=\/wp\/v2\/product\/32840\/revisions"}],"wp:featuredmedia":[{"embeddable":true,"href":"https:\/\/maniadasmoedas.pt\/index.php?rest_route=\/wp\/v2\/media\/32841"}],"wp:attachment":[{"href":"https:\/\/maniadasmoedas.pt\/index.php?rest_route=%2Fwp%2Fv2%2Fmedia&parent=32840"}],"wp:term":[{"taxonomy":"product_brand","embeddable":true,"href":"https:\/\/maniadasmoedas.pt\/index.php?rest_route=%2Fwp%2Fv2%2Fproduct_brand&post=32840"},{"taxonomy":"product_cat","embeddable":true,"href":"https:\/\/maniadasmoedas.pt\/index.php?rest_route=%2Fwp%2Fv2%2Fproduct_cat&post=32840"},{"taxonomy":"product_tag","embeddable":true,"href":"https:\/\/maniadasmoedas.pt\/index.php?rest_route=%2Fwp%2Fv2%2Fproduct_tag&post=32840"}],"curies":[{"name":"wp","href":"https:\/\/api.w.org\/{rel}","templated":true}]}}